4?
2, 40927
What are the prime factors of 1562?
2, 11, 71
List the prime factors of 51973.
51973
List the prime factors of 1397.
11, 127
What are the prime factors of 1096?
2, 137
What are the prime factors of 1405?
5, 281
List the prime factors of 13852.
2, 3463
What are the prime factors of 341?
11, 31
List the prime factors of 5695.
5, 17, 67
List the prime factors of 8047.
13, 619
List the prime factors of 35671.
35671
What are the prime factors of 3846?
2, 3, 641
List the prime factors of 1113.
3, 7, 53
List the prime factors of 8744.
2, 1093
What are the prime factors of 13493?
103, 131
List the prime factors of 3490.
2, 5, 349
What are the prime factors of 4220?
2, 5, 211
What are the prime factors of 3546?
2, 3, 197
What are the prime factors of 401?
401
List the prime factors of 133056.
2, 3, 7, 11
List the prime factors of 2284.
2, 571
List the prime factors of 401.
401
List the prime factors of 138.
2, 3, 23
What are the prime factors of 2156?
2, 7, 11
List the prime factors of 112035.
3, 5, 7, 11, 97
List the prime factors of 17924.
2, 4481
What are the prime factors of 32235?
3, 5, 7, 307
What are the prime factors of 10654?
2, 7, 761
What are the prime factors of 1028?
2, 257
List the prime factors of 3111.
3, 17, 61
List the prime factors of 26799.
3, 8933
What are the prime factors of 6881?
7, 983
List the prime factors of 55870.
2, 5, 37, 151
What are the prime factors of 614?
2, 307
List the prime factors of 17844.
2, 3, 1487
List the prime factors of 725.
5, 29
What are the prime factors of 1316?
2, 7, 47
List the prime factors of 5413.
5413
What are the prime factors of 9937?
19, 523
List the prime factors of 1630.
2, 5, 163
What are the prime factors of 123040?
2, 5, 769
What are the prime factors of 1051?
1051
What are the prime factors of 2229?
3, 743
What are the prime factors of 1090?
2, 5, 109
List the prime factors of 1354.
2, 677
What are the prime factors of 4339?
4339
What are the prime factors of 29486?
2, 23, 641
List the prime factors of 3133.
13, 241
List the prime factors of 6627.
3, 47
List the prime factors of 1232.
2, 7, 11
List the prime factors of 11180.
2, 5, 13, 43
What are the prime factors of 1122?
2, 3, 11, 17
List the prime factors of 618.
2, 3, 103
List the prime factors of 1374.
2, 3, 229
What are the prime factors of 83743?
11, 23, 331
List the prime factors of 16200.
2, 3, 5
List the prime factors of 2204.
2, 19, 29
List the prime factors of 582.
2, 3, 97
List the prime factors of 9284.
2, 11, 211
List the prime factors of 8771.
7, 179
List the prime factors of 11621.
11621
What are the prime factors of 3221?
3221
What are the prime factors of 22589?
7, 461
List the prime factors of 4493.
4493
List the prime factors of 52017.
3, 7, 2477
What are the prime factors of 16976?
2, 1061
List the prime factors of 80688.
2, 3, 41
What are the prime factors of 7368?
2, 3, 307
What are the prime factors of 602?
2, 7, 43
List the prime factors of 4157.
4157
What are the prime factors of 131139?
3, 1619
List the prime factors of 13867.
7, 283
List the prime factors of 49313.
11, 4483
List the prime factors of 13111.
7, 1873
What are the prime factors of 97?
97
What are the prime factors of 10887?
3, 19, 191
List the prime factors of 419.
419
List the prime factors of 37096.
2, 4637
What are the prime factors of 1095?
3, 5, 73
List the prime factors of 813.
3, 271
What are the prime factors of 1243?
11, 113
What are the prime factors of 1306?
2, 653
What are the prime factors of 2060?
2, 5, 103
What are the prime factors of 2532?
2, 3, 211
List the prime factors of 37307.
37307
List the prime factors of 44014.
2, 59, 373
What are the prime factors of 35579?
47, 757
List the prime factors of 21792.
2, 3, 227
List the prime factors of 38518.
2, 19259
What are the prime factors of 17073?
3, 7, 271
What are the prime factors of 3477?
3, 19, 61
List the prime factors of 2446.
2, 1223
What are the prime factors of 14619?
3, 11, 443
List the prime factors of 207.
3, 23
List the prime factors of 15431.
13, 1187
List the prime factors of 12279.
3, 4093
List the prime factors of 922.
2, 461
What are the prime factors of 810?
2, 3, 5
What are the prime factors of 2603?
19, 137
What are the prime factors of 18383?
31, 593
What are the prime factors of 67354?
2, 7, 17, 283
List the prime factors of 89836.
2, 37, 607
What are the prime factors of 97001?
97001
List the prime factors of 761.
761
What are the prime factors of 66408?
2, 3, 2767
What are the prime factors of 28036?
2, 43, 163
List the prime factors of 99770.
2, 5, 11, 907
List the prime factors of 1129.
1129
List the prime factors of 2042.
2, 1021
What are the prime factors of 2368?
2, 37
List the prime factors of 1852.
2, 463
What are the prime factors of 15751?
19, 829
What are the prime factors of 14709?
3, 4903
List the prime factors of 494.
2, 13, 19
What are the prime factors of 2628?
2, 3, 73
What are the prime factors of 6036?
2, 3, 503
What are the prime factors of 1855?
5, 7, 53
What are the prime factors of 7733?
11, 19, 37
List the prime factors of 5110.
2, 5, 7, 73
List the prime factors of 1287.
3, 11, 13
What are the prime factors of 51167?
19, 2693
List the prime factors of 102967.
102967
List the prime factors of 6578.
2, 11, 13, 23
List the prime factors of 6140.
2, 5, 307
What are the prime factors of 2061?
3, 229
List the prime factors of 110347.
17, 6491
List the prime factors of 22174.
2, 11087
What are the prime factors of 1198?
2, 599
List the prime factors of 26826.
2, 3, 17, 263
List the prime factors of 1469.
13, 113
List the prime factors of 12637.
12637
List the prime factors of 30490.
2, 5, 3049
What are the prime factors of 108377?
108377
What are the prime factors of 1781?
13, 137
List the prime factors of 285.
3, 5, 19
What are the prime factors of 53612?
2, 13, 1031
List the prime factors of 14251.
14251
List the prime factors of 38388.
2, 3, 7, 457
What are the prime factors of 2652?
2, 3, 13, 17
List the prime factors of 23486.
2, 11743
List the prime factors of 96.
2, 3
List the prime factors of 41185.
5, 8237
List the prime factors of 2659.
2659
List the prime factors of 765.
3, 5, 17
What are the prime factors of 5673?
3, 31, 61
List the prime factors of 6870.
2, 3, 5, 229
List the prime factors of 81768.
2, 3, 3407
What are the prime factors of 680?
2, 5, 17
What are the prime factors of 134074?
2, 43, 1559
What are the prime factors of 3?
3
What are the prime factors of 29709?
3, 3301
What are the prime factors of 87?
3, 29
List the prime factors of 15509.
13, 1193
What are the prime factors of 1160?
2, 5, 29
What are the prime factors of 38532?
2, 3, 13, 19
What are the prime factors of 4535?
5, 907
What are the prime factors of 25691?
23, 1117
List the prime factors of 37482.
2, 3, 6247
What are the prime factors of 1961?
37, 53
What are the prime factors of 619?
619
List the prime factors of 96862.
2, 19, 2549
List the prime factors of 2400.
2, 3, 5
List the prime factors of 403.
13, 31
List the prime factors of 174.
2, 3, 29
List the prime factors of 2870.
2, 5, 7, 41
What are the prime factors of 1394?
2, 17, 41
What are the prime factors of 4400?
2, 5, 11
List the prime factors of 20216.
2, 7, 19
List the prime factors of 86414.
2, 43207
List the prime factors of 44019.
3, 67, 73
List the prime factors of 30799.
19, 1621
List the prime factors of 10959.
3, 13, 281
What are the prime factors of 12754?
2, 7, 911
List the prime factors of 6585.
3, 5, 439
List the prime factors of 1939.
7, 277
List the prime factors of 37202.
2, 11, 19, 89
List the prime factors of 1162.
2, 7, 83
List the prime factors of 1687.
7, 241
List the prime factors of 20654.
2, 23, 449
What are the prime factors of 11446?
2, 59, 97
List the prime factors of 20555.
5, 4111
What are the prime factors of 1197?
3, 7, 19
List the prime factors of 4293.
3, 53
List the prime factors of 11547.
3, 1283
List the prime factors of 138988.
2, 34747
What are the prime factors of 26094?
2, 3, 4349
What are the prime factors of 81052?
2, 23, 881
What are the prime factors of 9920?
2, 5, 31
What are the prime factors of 2685?
3, 5, 179
What are the prime factors of 19082?
2, 7, 29, 47
List the prime factors of 3127.
53, 59
List the prime factors of 2091